{"id":239,"date":"2024-02-15T08:25:25","date_gmt":"2024-02-15T08:25:25","guid":{"rendered":"https:\/\/eandjaluminium.com\/?page_id=239"},"modified":"2025-02-28T09:35:08","modified_gmt":"2025-02-28T09:35:08","slug":"miroiterie-vitrage-occultant","status":"publish","type":"page","link":"https:\/\/eandjaluminium.com\/?page_id=239","title":{"rendered":"Garde corps, vitrage, Anti regard, miroiterie"},"content":{"rendered":"<h1>\n<h1 style=\"text-align: center;\">Garde corps, miroiterie, vitrage, film anti-regard<\/h1>\n<\/h1>\n<hr>\n<div>\n<p>Votre artisan s&rsquo;efforce de vous fournir un service de qualit\u00e9 pour r\u00e9pondre \u00e0 chacun de vos besoins<\/p>\n<ul>\n<li>Votre s\u00e9curit\u00e9 et celle de votre famille<\/li>\n<li>Votre intimit\u00e9 au travail o\u00f9 \u00e0 la maison<\/li>\n<li>L&rsquo;installation de parois de douche<\/li>\n<\/ul>\n<p>Juan est en mesure de vous conseiller et de vous guider dans le choix du mod\u00e8le qui vous conviendra le mieux<\/p>\n<\/div>\n<ul>\n<li>\n<p>        <img decoding=\"async\" src=\"\/wp-content\/uploads\/2024\/02\/GC-v2-rotated.jpg\" alt=\"Garde corps en verre, s\u00e9curit\u00e9, moderne, transparence\"><\/p>\n<\/li>\n<li>\n<p>        <img decoding=\"async\" src=\"\/wp-content\/uploads\/2024\/02\/GC-v-3.jpg\" alt=\"Garde corps en verre, s\u00e9curit\u00e9, moderne, transparence\"><\/p>\n<\/li>\n<li>\n<p>        <img decoding=\"async\" src=\"\/wp-content\/uploads\/2024\/02\/GC-v-1.jpg\" alt=\"Garde corps en verre, s\u00e9curit\u00e9, moderne, transparence\"><\/p>\n<\/li>\n<li>\n<p>        <img decoding=\"async\" src=\"\/wp-content\/uploads\/2024\/04\/Gc-alu-130.jpg\" alt=\"Garde corps Alum\"><\/p>\n<\/li>\n<li>\n<p>        <img decoding=\"async\" src=\"\/wp-content\/uploads\/2025\/02\/G-c-alu.jpg\" alt=\"Garde corps Alu\"><\/p>\n<\/li>\n<\/ul>\n<h2>Miroiterie, garde corps<\/h2>\n<div>\n<p>Pour s\u00e9curiser votre int\u00e9rieur : escalier, mezzanine, \u00a0vous pouvez \u00a0installer un garde corps sobre et \u00e9l\u00e9gant dans diff\u00e9rents mat\u00e9riaux.<\/p>\n<p>Pour\u00a0 s\u00e9curiser votre ext\u00e9rieur : vous pouvez am\u00e9nager balcon, fen\u00eatre, rampe d&rsquo;acc\u00e9s, avec un garde corps en aluminium fer etc.<\/p>\n<\/p>\n<\/div>\n<h2>Anti regard<\/h2>\n<div>\n<p>Besoin de vous cacher des regards indiscrets sur votre lieu de travail, \u00e0 la maison.<\/p>\n<p>Juan vous conseille pour le choix. Avec la pose de film anti-regard vous b\u00e9n\u00e9ficierez de luminosit\u00e9 sans \u00eatre vu.<\/p>\n<ul>\n<li>Film miroir sans tain<\/li>\n<li>Film d\u00e9poli, opaque<\/li>\n<\/ul>\n<\/div>\n<ul>\n<li>\n<p>        <img decoding=\"async\" src=\"\/wp-content\/uploads\/2024\/02\/copie-0_anti-regard-p-760-1350.jpg\" alt=\"\"><\/p>\n<\/li>\n<li>\n<p>        <img decoding=\"async\" src=\"\/wp-content\/uploads\/2024\/02\/Verre-poli-porte.jpg\" alt=\"Porte en verre poli\"><\/p>\n<\/li>\n<li>\n<p>        <img decoding=\"async\" src=\"\/wp-content\/uploads\/2024\/02\/copie-0_anti-regard-1600-1200-1-rotated.jpg\" alt=\"\"><\/p>\n<\/li>\n<li>\n<p>        <img decoding=\"async\" src=\"\/wp-content\/uploads\/2024\/02\/fenetre-anti-regard.jpg\" alt=\"Fen\u00eatre anti regard opaque\"><\/p>\n<\/li>\n<\/ul>\n<ul>\n<li>\n<p>        <img decoding=\"async\" src=\"\/wp-content\/uploads\/2024\/02\/Miroiterie-1.jpg\" alt=\"Porte en verre poli\"><\/p>\n<\/li>\n<li>\n<p>        <img decoding=\"async\" src=\"\/wp-content\/uploads\/2024\/02\/Verre-poli-porte.jpg\" alt=\"Porte en verre poli\"><\/p>\n<\/li>\n<li>\n<p>        <img decoding=\"async\" src=\"\/wp-content\/uploads\/2024\/02\/ecran-douche.10.jpg\" alt=\"Cabine de douche, gain de place, opaque, intimit\u00e9\"><\/p>\n<\/li>\n<li>\n<p>        <img decoding=\"async\" src=\"\/wp-content\/uploads\/2024\/02\/ecran-douche.9.jpg\" alt=\"Cabine de douche, gain de place, opaque, intimit\u00e9\"><\/p>\n<\/li>\n<li>\n<p>        <img decoding=\"async\" src=\"\/wp-content\/uploads\/2024\/02\/ecran-douche.8.jpg\" alt=\"Cabine de douche, gain de place, opaque, intimit\u00e9\"><\/p>\n<\/li>\n<\/ul>\n<h2>Vitrage<\/h2>\n<div>\n<p>Pour votre salle de bain, nous posons des parois de douche en verre tremp\u00e9, poli, paroi simple, fixe, pivotante, sur mesure.<\/p>\n<p>Pour couper un espace, des portes vitr\u00e9es opaques qui laissent passer la lumi\u00e8re et pr\u00e9servent votre intimit\u00e9.<\/p>\n<\/div>\n<p><!--more--><br \/>\n<!-- {\"type\":\"layout\",\"children\":[{\"name\":\"Hero\",\"type\":\"section\",\"props\":{\"image\":\"wp-content\\\/uploads\\\/2025\\\/02\\\/garde-corps-aluminium.jpg\",\"image_position\":\"top-center\",\"padding\":\"xlarge\",\"padding_remove_bottom\":false,\"style\":\"default\",\"title_breakpoint\":\"xl\",\"title_position\":\"top-left\",\"title_rotation\":\"left\",\"vertical_align\":\"\",\"width\":\"xlarge\"},\"children\":[{\"type\":\"row\",\"children\":[{\"type\":\"column\",\"props\":{\"image_position\":\"center-center\",\"position_sticky_breakpoint\":\"m\"}}]}]},{\"type\":\"section\",\"props\":{\"image_position\":\"center-center\",\"style\":\"default\",\"title_breakpoint\":\"xl\",\"title_position\":\"top-left\",\"title_rotation\":\"left\",\"vertical_align\":\"middle\",\"width\":\"default\"},\"children\":[{\"type\":\"row\",\"children\":[{\"type\":\"column\",\"props\":{\"image_position\":\"center-center\",\"position_sticky_breakpoint\":\"m\"},\"children\":[{\"type\":\"headline\",\"props\":{\"animation\":\"parallax\",\"content\":\"\n\n<h1 style=\\\"text-align: center;\\\">Garde corps, miroiterie, vitrage, film anti-regard<\\\/h1>\",\"parallax_breakpoint\":\"m\",\"parallax_easing\":\"1\",\"parallax_y\":\"0,-75\",\"text_align\":\"center\",\"title_element\":\"h1\",\"title_style\":\"heading-medium\"}}]}]},{\"type\":\"row\",\"children\":[{\"type\":\"column\",\"props\":{\"image_position\":\"center-center\",\"position_sticky_breakpoint\":\"m\"},\"children\":[{\"type\":\"divider\",\"props\":{\"divider_element\":\"hr\"}}]}]},{\"type\":\"row\",\"children\":[{\"type\":\"column\",\"props\":{\"image_position\":\"center-center\",\"position_sticky_breakpoint\":\"m\"},\"children\":[{\"type\":\"text\",\"props\":{\"animation\":\"slide-top-small\",\"column_breakpoint\":\"m\",\"content\":\"\n\n<p>Votre artisan s'efforce de vous fournir un service de qualit\\u00e9 pour r\\u00e9pondre \\u00e0 chacun de vos besoins<\\\/p>\\n\n\n<ul>\\n\n\n<li>Votre s\\u00e9curit\\u00e9 et celle de votre famille<\\\/li>\\n\n\n<li>Votre intimit\\u00e9 au travail o\\u00f9 \\u00e0 la maison<\\\/li>\\n\n\n<li>L'installation de parois de douche<\\\/li>\\n<\\\/ul>\\n\n\n<p>Juan est en mesure de vous conseiller et de vous guider dans le choix du mod\\u00e8le qui vous conviendra le mieux<\\\/p>\",\"margin\":\"default\",\"text_style\":\"lead\"}}]}]}]},{\"type\":\"section\",\"props\":{\"header_transparent\":false,\"image_position\":\"center-center\",\"padding_remove_bottom\":false,\"padding_remove_top\":true,\"sticky\":\"cover\",\"style\":\"default\",\"title_breakpoint\":\"xl\",\"title_position\":\"top-left\",\"title_rotation\":\"left\",\"vertical_align\":\"\",\"width\":\"large\",\"width_expand\":\"left\"},\"children\":[{\"type\":\"row\",\"props\":{\"column_gap\":\"large\",\"layout\":\"2-3,1-3\",\"row_gap\":\"large\"},\"children\":[{\"type\":\"column\",\"props\":{\"image_position\":\"center-center\",\"position_sticky_breakpoint\":\"m\",\"vertical_align\":\"middle\",\"width_large\":\"2-3\"},\"children\":[{\"type\":\"gallery\",\"props\":{\"filter_align\":\"left\",\"filter_all\":true,\"filter_grid_breakpoint\":\"m\",\"filter_grid_width\":\"auto\",\"filter_position\":\"top\",\"filter_style\":\"tab\",\"grid_column_align\":false,\"grid_default\":\"1\",\"grid_medium\":\"3\",\"grid_parallax_justify\":true,\"grid_row_align\":true,\"image_height\":\"1300\",\"image_width\":\"1700\",\"item_animation\":true,\"lightbox\":true,\"lightbox_bg_close\":true,\"lightbox_image_orientation\":true,\"lightbox_image_width\":\"auto\",\"link_style\":\"default\",\"link_text\":\"Voir\",\"margin\":\"default\",\"meta_align\":\"below-title\",\"meta_element\":\"div\",\"meta_style\":\"text-meta\",\"overlay_hover\":true,\"overlay_mode\":\"cover\",\"overlay_position\":\"center\",\"overlay_style\":\"overlay-default\",\"overlay_transition\":\"fade\",\"overlay_transition_background\":true,\"position\":\"relative\",\"show_content\":true,\"show_hover_image\":true,\"show_hover_video\":true,\"show_link\":true,\"show_meta\":true,\"show_title\":true,\"text_align\":\"center\",\"text_color\":\"light\",\"title_element\":\"h3\",\"title_hover_style\":\"reset\"},\"children\":[{\"type\":\"gallery_item\",\"props\":{\"image\":\"wp-content\\\/uploads\\\/2024\\\/02\\\/GC-v2-rotated.jpg\",\"image_alt\":\"Garde corps en verre, s\\u00e9curit\\u00e9, moderne, transparence\"}},{\"type\":\"gallery_item\",\"props\":{\"image\":\"wp-content\\\/uploads\\\/2024\\\/02\\\/GC-v-3.jpg\",\"image_alt\":\"Garde corps en verre, s\\u00e9curit\\u00e9, moderne, transparence\"}},{\"type\":\"gallery_item\",\"props\":{\"image\":\"wp-content\\\/uploads\\\/2024\\\/02\\\/GC-v-1.jpg\",\"image_alt\":\"Garde corps en verre, s\\u00e9curit\\u00e9, moderne, transparence\"}},{\"type\":\"gallery_item\",\"props\":{\"image\":\"wp-content\\\/uploads\\\/2024\\\/04\\\/Gc-alu-130.jpg\",\"image_alt\":\"Garde corps Alum\",\"tags\":\"menuiserie int\\u00e9rieure, carpinter\\u00eca interior, fusteria interior\"}},{\"type\":\"gallery_item\",\"props\":{\"image\":\"wp-content\\\/uploads\\\/2025\\\/02\\\/G-c-alu.jpg\",\"image_alt\":\"Garde corps Alu\"}}]}]},{\"type\":\"column\",\"props\":{\"image_position\":\"center-center\",\"position_sticky_breakpoint\":\"m\",\"vertical_align\":\"middle\",\"width_large\":\"1-3\"},\"children\":[{\"type\":\"divider\",\"props\":{\"animation\":\"none\",\"divider_align\":\"left\",\"divider_align_breakpoint\":\"l\",\"divider_align_fallback\":\"center\",\"divider_element\":\"div\",\"divider_style\":\"small\",\"parallax_x\":\"150,0\"}},{\"type\":\"headline\",\"props\":{\"animation\":\"none\",\"content\":\"Miroiterie, garde corps\",\"margin_remove_top\":true,\"parallax_end\":\"60vh + 60%\",\"parallax_y\":\"0,-50\",\"text_align\":\"left\",\"text_align_breakpoint\":\"l\",\"text_align_fallback\":\"center\",\"title_element\":\"h2\",\"title_style\":\"h2\"}},{\"type\":\"text\",\"props\":{\"animation\":\"none\",\"block_align_breakpoint\":\"l\",\"block_align_fallback\":\"center\",\"column_breakpoint\":\"m\",\"content\":\"\n\n<p>Pour s\\u00e9curiser votre int\\u00e9rieur : escalier, mezzanine, \\u00a0vous pouvez \\u00a0installer un garde corps sobre et \\u00e9l\\u00e9gant dans diff\\u00e9rents mat\\u00e9riaux.<\\\/p>\\n\n\n<p>Pour\\u00a0 s\\u00e9curiser votre ext\\u00e9rieur : vous pouvez am\\u00e9nager balcon, fen\\u00eatre, rampe d'acc\\u00e9s, avec un garde corps en aluminium fer etc.<\\\/p>\\n\n\n<p><\\\/p>\",\"margin\":\"medium\",\"margin_remove_top\":false,\"maxwidth\":\"xlarge\",\"maxwidth_breakpoint\":\"m\",\"parallax_easing\":\"0.3\",\"parallax_x\":\"150,0\",\"text_align\":\"left\",\"text_align_breakpoint\":\"l\",\"text_align_fallback\":\"center\",\"text_style\":\"lead\"}}]}]}],\"name\":\"Garde corps\"},{\"type\":\"section\",\"props\":{\"image_position\":\"center-center\",\"padding\":\"large\",\"padding_remove_bottom\":true,\"padding_remove_top\":false,\"sticky\":\"cover\",\"style\":\"default\",\"title_breakpoint\":\"xl\",\"title_position\":\"top-left\",\"title_rotation\":\"left\",\"vertical_align\":\"\",\"width\":\"large\",\"width_expand\":\"right\"},\"children\":[{\"type\":\"row\",\"props\":{\"column_gap\":\"large\",\"layout\":\"1-3,2-3\",\"row_gap\":\"large\"},\"children\":[{\"type\":\"column\",\"props\":{\"image_position\":\"center-center\",\"order_first\":\"l\",\"position_sticky_breakpoint\":\"m\",\"vertical_align\":\"middle\",\"width_large\":\"1-3\"},\"children\":[{\"type\":\"divider\",\"props\":{\"animation\":\"none\",\"divider_align\":\"left\",\"divider_align_breakpoint\":\"l\",\"divider_align_fallback\":\"center\",\"divider_element\":\"div\",\"divider_style\":\"small\",\"parallax_x\":\"150,0\"}},{\"type\":\"headline\",\"props\":{\"animation\":\"parallax\",\"content\":\"Anti regard\",\"margin_remove_top\":true,\"parallax_breakpoint\":\"m\",\"parallax_easing\":\"1\",\"parallax_end\":\"60vh + 60%\",\"parallax_opacity\":\"0.3,1\",\"parallax_y\":\"30,0\",\"text_align\":\"left\",\"text_align_breakpoint\":\"l\",\"text_align_fallback\":\"center\",\"title_element\":\"h2\",\"title_style\":\"h2\"}},{\"type\":\"text\",\"props\":{\"block_align_breakpoint\":\"l\",\"block_align_fallback\":\"center\",\"column_breakpoint\":\"m\",\"content\":\"\n\n<p>Besoin de vous cacher des regards indiscrets sur votre lieu de travail, \\u00e0 la maison.<\\\/p>\\n\n\n<p>Juan vous conseille pour le choix. Avec la pose de film anti-regard vous b\\u00e9n\\u00e9ficierez de luminosit\\u00e9 sans \\u00eatre vu.<\\\/p>\\n\n\n<ul>\\n\n\n<li>Film miroir sans tain<\\\/li>\\n\n\n<li>Film d\\u00e9poli, opaque<\\\/li>\\n<\\\/ul>\",\"margin\":\"medium\",\"margin_remove_top\":false,\"maxwidth\":\"xlarge\",\"maxwidth_breakpoint\":\"m\",\"parallax_breakpoint\":\"m\",\"parallax_easing\":\"0.3\",\"parallax_end\":\"50vh + 50%\",\"parallax_opacity\":\"0.7,1\",\"parallax_x\":\"-150,0\",\"text_align\":\"left\",\"text_align_breakpoint\":\"l\",\"text_align_fallback\":\"center\",\"text_style\":\"lead\"}}]},{\"type\":\"column\",\"props\":{\"image_position\":\"center-center\",\"order_first\":\"xs\",\"position_sticky_breakpoint\":\"m\",\"vertical_align\":\"middle\",\"width_large\":\"2-3\"},\"children\":[{\"type\":\"gallery\",\"props\":{\"filter_align\":\"left\",\"filter_all\":true,\"filter_grid_breakpoint\":\"m\",\"filter_grid_width\":\"auto\",\"filter_position\":\"top\",\"filter_style\":\"tab\",\"grid_default\":\"1\",\"grid_medium\":\"3\",\"grid_parallax_justify\":true,\"image_height\":\"1300\",\"image_orientation\":false,\"image_transition\":\"scale-up\",\"image_width\":\"1700\",\"item_animation\":true,\"lightbox\":true,\"lightbox_bg_close\":true,\"lightbox_image_height\":\"auto\",\"lightbox_image_orientation\":true,\"lightbox_image_width\":\"auto\",\"link_style\":\"default\",\"link_text\":\"Read more\",\"margin\":\"default\",\"meta_align\":\"below-title\",\"meta_element\":\"div\",\"meta_style\":\"text-meta\",\"overlay_hover\":true,\"overlay_mode\":\"cover\",\"overlay_position\":\"center\",\"overlay_style\":\"overlay-default\",\"overlay_transition\":\"fade\",\"overlay_transition_background\":false,\"show_content\":true,\"show_hover_image\":true,\"show_hover_video\":true,\"show_link\":true,\"show_meta\":true,\"show_title\":true,\"text_align\":\"center\",\"text_color\":\"light\",\"title_element\":\"h3\",\"title_hover_style\":\"reset\"},\"children\":[{\"type\":\"gallery_item\",\"props\":{\"image\":\"wp-content\\\/uploads\\\/2024\\\/02\\\/copie-0_anti-regard-p-760-1350.jpg\"}},{\"type\":\"gallery_item\",\"props\":{\"image\":\"wp-content\\\/uploads\\\/2024\\\/02\\\/Verre-poli-porte.jpg\",\"image_alt\":\"Porte en verre poli\"}},{\"type\":\"gallery_item\",\"props\":{\"image\":\"wp-content\\\/uploads\\\/2024\\\/02\\\/copie-0_anti-regard-1600-1200-1-rotated.jpg\"}},{\"type\":\"gallery_item\",\"props\":{\"image\":\"wp-content\\\/uploads\\\/2024\\\/02\\\/fenetre-anti-regard.jpg\",\"image_alt\":\"Fen\\u00eatre anti regard opaque\"}}]}]}]}],\"name\":\"Miroiterie\"},{\"type\":\"section\",\"props\":{\"image_position\":\"center-center\",\"overlap\":false,\"padding\":\"large\",\"padding_remove_bottom\":true,\"padding_remove_top\":false,\"sticky\":\"cover\",\"style\":\"default\",\"title_breakpoint\":\"xl\",\"title_position\":\"top-left\",\"title_rotation\":\"left\",\"vertical_align\":\"\",\"width\":\"large\",\"width_expand\":\"left\"},\"children\":[{\"type\":\"row\",\"props\":{\"column_gap\":\"large\",\"layout\":\"2-3,1-3\",\"row_gap\":\"large\"},\"children\":[{\"type\":\"column\",\"props\":{\"image_position\":\"center-center\",\"position_sticky_breakpoint\":\"m\",\"vertical_align\":\"middle\",\"width_large\":\"2-3\"},\"children\":[{\"type\":\"gallery\",\"props\":{\"filter_align\":\"left\",\"filter_all\":true,\"filter_grid_breakpoint\":\"m\",\"filter_grid_width\":\"auto\",\"filter_position\":\"top\",\"filter_style\":\"tab\",\"grid_default\":\"1\",\"grid_medium\":\"3\",\"grid_parallax_justify\":true,\"image_height\":\"1700\",\"image_loading\":true,\"image_orientation\":true,\"image_transition\":\"scale-up\",\"image_transition_border\":false,\"image_width\":\"1300\",\"item_animation\":true,\"lightbox\":true,\"lightbox_bg_close\":true,\"lightbox_image_height\":\"auto\",\"lightbox_image_orientation\":true,\"lightbox_image_width\":\"auto\",\"link_style\":\"default\",\"link_text\":\"Read more\",\"margin\":\"default\",\"meta_align\":\"below-title\",\"meta_element\":\"div\",\"meta_style\":\"text-meta\",\"overlay_hover\":true,\"overlay_mode\":\"cover\",\"overlay_position\":\"center\",\"overlay_style\":\"overlay-default\",\"overlay_transition\":\"fade\",\"show_content\":true,\"show_hover_image\":true,\"show_hover_video\":true,\"show_link\":true,\"show_meta\":true,\"show_title\":true,\"text_align\":\"center\",\"text_color\":\"light\",\"title_element\":\"h3\",\"title_hover_style\":\"reset\"},\"children\":[{\"type\":\"gallery_item\",\"props\":{\"image\":\"wp-content\\\/uploads\\\/2024\\\/02\\\/Miroiterie-1.jpg\",\"image_alt\":\"Porte en verre poli\"}},{\"type\":\"gallery_item\",\"props\":{\"image\":\"wp-content\\\/uploads\\\/2024\\\/02\\\/Verre-poli-porte.jpg\",\"image_alt\":\"Porte en verre poli\"}},{\"type\":\"gallery_item\",\"props\":{\"image\":\"wp-content\\\/uploads\\\/2024\\\/02\\\/ecran-douche.10.jpg\",\"image_alt\":\"Cabine de douche, gain de place, opaque, intimit\\u00e9\"}},{\"type\":\"gallery_item\",\"props\":{\"image\":\"wp-content\\\/uploads\\\/2024\\\/02\\\/ecran-douche.9.jpg\",\"image_alt\":\"Cabine de douche, gain de place, opaque, intimit\\u00e9\"}},{\"type\":\"gallery_item\",\"props\":{\"image\":\"wp-content\\\/uploads\\\/2024\\\/02\\\/ecran-douche.8.jpg\",\"image_alt\":\"Cabine de douche, gain de place, opaque, intimit\\u00e9\",\"tags\":\"cabine de douche, mampara de ducha, mampara de dutxa\"}}]}]},{\"type\":\"column\",\"props\":{\"image_position\":\"center-center\",\"position_sticky_breakpoint\":\"m\",\"vertical_align\":\"middle\",\"width_large\":\"1-3\"},\"children\":[{\"type\":\"divider\",\"props\":{\"animation\":\"none\",\"divider_align\":\"left\",\"divider_align_breakpoint\":\"l\",\"divider_align_fallback\":\"center\",\"divider_element\":\"div\",\"divider_style\":\"small\",\"parallax_x\":\"150,0\"}},{\"type\":\"headline\",\"props\":{\"animation\":\"parallax\",\"content\":\"Vitrage\",\"margin_remove_top\":true,\"parallax_breakpoint\":\"m\",\"parallax_easing\":\"1\",\"parallax_end\":\"60vh + 60%\",\"parallax_opacity\":\"0.3,1\",\"parallax_y\":\"30,0\",\"text_align\":\"left\",\"text_align_breakpoint\":\"l\",\"text_align_fallback\":\"center\",\"title_element\":\"h2\",\"title_style\":\"h2\"}},{\"type\":\"text\",\"props\":{\"animation\":\"none\",\"block_align_breakpoint\":\"l\",\"block_align_fallback\":\"center\",\"column_breakpoint\":\"m\",\"content\":\"\n\n<p>Pour votre salle de bain, nous posons des parois de douche en verre tremp\\u00e9, poli, paroi simple, fixe, pivotante, sur mesure.<\\\/p>\\n\n\n<p>Pour couper un espace, des portes vitr\\u00e9es opaques qui laissent passer la lumi\\u00e8re et pr\\u00e9servent votre intimit\\u00e9.<\\\/p>\",\"margin\":\"medium\",\"margin_remove_top\":false,\"maxwidth\":\"xlarge\",\"maxwidth_breakpoint\":\"m\",\"parallax_easing\":\"0.3\",\"parallax_x\":\"150,0\",\"text_align\":\"left\",\"text_align_breakpoint\":\"l\",\"text_align_fallback\":\"center\",\"text_style\":\"lead\"}}]}]}],\"name\":\"Vitrage\"}],\"version\":\"4.5.7\"} --><\/p>\n","protected":false},"excerpt":{"rendered":"<p>Garde corps, miroiterie, vitrage, film anti-regard Votre artisan s&rsquo;efforce de vous fournir un service de qualit\u00e9 pour r\u00e9pondre \u00e0 chacun de vos besoins Votre s\u00e9curit\u00e9 et celle de votre famille Votre intimit\u00e9 au travail o\u00f9 \u00e0 la maison L&rsquo;installation de parois de douche Juan est en mesure de vous conseiller et de vous guider dans [&hellip;]<\/p>\n","protected":false},"author":1,"featured_media":0,"parent":0,"menu_order":0,"comment_status":"closed","ping_status":"closed","template":"","meta":{"footnotes":""},"class_list":["post-239","page","type-page","status-publish","hentry"],"_links":{"self":[{"href":"https:\/\/eandjaluminium.com\/index.php?rest_route=\/wp\/v2\/pages\/239","targetHints":{"allow":["GET"]}}],"collection":[{"href":"https:\/\/eandjaluminium.com\/index.php?rest_route=\/wp\/v2\/pages"}],"about":[{"href":"https:\/\/eandjaluminium.com\/index.php?rest_route=\/wp\/v2\/types\/page"}],"author":[{"embeddable":true,"href":"https:\/\/eandjaluminium.com\/index.php?rest_route=\/wp\/v2\/users\/1"}],"replies":[{"embeddable":true,"href":"https:\/\/eandjaluminium.com\/index.php?rest_route=%2Fwp%2Fv2%2Fcomments&post=239"}],"version-history":[{"count":119,"href":"https:\/\/eandjaluminium.com\/index.php?rest_route=\/wp\/v2\/pages\/239\/revisions"}],"predecessor-version":[{"id":1097,"href":"https:\/\/eandjaluminium.com\/index.php?rest_route=\/wp\/v2\/pages\/239\/revisions\/1097"}],"wp:attachment":[{"href":"https:\/\/eandjaluminium.com\/index.php?rest_route=%2Fwp%2Fv2%2Fmedia&parent=239"}],"curies":[{"name":"wp","href":"https:\/\/api.w.org\/{rel}","templated":true}]}}